 14072515 is divided by 20?
15
What is the remainder when 259631439 is divided by 10960?
10959
What is the remainder when 62609205 is divided by 239882?
3
Calculate the remainder when 630968 is divided by 413.
317
Calculate the remainder when 10434631 is divided by 137297.
59
What is the remainder when 2498137 is divided by 42337?
254
What is the remainder when 1990085 is divided by 94?
11
Calculate the remainder when 9947811 is divided by 75.
36
Calculate the remainder when 6375011 is divided by 411.
401
What is the remainder when 5451322 is divided by 118507?
0
Calculate the remainder when 1625843 is divided by 171.
146
Calculate the remainder when 1015751 is divided by 126947.
175
What is the remainder when 708774 is divided by 958?
812
What is the remainder when 614570 is divided by 305?
300
What is the remainder when 76670 is divided by 129?
44
What is the remainder when 685646 is divided by 342773?
100
Calculate the remainder when 3820082 is divided by 64.
50
What is the remainder when 23474529 is divided by 145?
44
What is the remainder when 11148305 is divided by 13?
12
What is the remainder when 3600568 is divided by 1338?
10
Calculate the remainder when 2636900 is divided by 878957.
29
What is the remainder when 244982693 is divided by 28?
25
Calculate the remainder when 130955 is divided by 4096.
3979
Calculate the remainder when 4846202 is divided by 32.
26
What is the remainder when 304230 is divided by 402?
318
What is the remainder when 35871 is divided by 284?
87
What is the remainder when 2570578 is divided by 275?
153
What is the remainder when 581915 is divided by 6420?
4115
What is the remainder when 326642 is divided by 6804?
50
Calculate the remainder when 5581007 is divided by 1860328.
23
Calculate the remainder when 2221900 is divided by 2221859.
41
Calculate the remainder when 2384725 is divided by 393.
1
What is the remainder when 274170 is divided by 1203?
1089
Calculate the remainder when 3884794 is divided by 5688.
5578
What is the remainder when 1666060 is divided by 339?
214
What is the remainder when 285759 is divided by 85?
74
What is the remainder when 61588813 is divided by 1355?
1353
What is the remainder when 1091862747 is divided by 37?
36
What is the remainder when 521958 is divided by 538?
98
What is the remainder when 145011404 is divided by 1873?
1871
What is the remainder when 165899318 is divided by 31?
28
Calculate the remainder when 74834 is divided by 1146.
344
What is the remainder when 6728114 is divided by 1798?
1796
What is the remainder when 14371875 is divided by 54?
45
Calculate the remainder when 107312 is divided by 453.
404
Calculate the remainder when 67088 is divided by 1653.
968
What is the remainder when 226617 is divided by 231?
6
Calculate the remainder when 486187 is divided by 565.
287
Calculate the remainder when 3682980 is divided by 306909.
72
What is the remainder when 13833 is divided by 6908?
17
Calculate the remainder when 158769 is divided by 5273.
579
Calculate the remainder when 170611 is divided by 15424.
947
Calculate the remainder when 221894 is divided by 1912.
102
What is the remainder when 3438798 is divided by 859687?
50
Calculate the remainder when 26198657 is divided by 4.
1
Calculate the remainder when 20907017 is divided by 197.
195
What is the remainder when 15102048 is divided by 28?
24
What is the remainder when 434008 is divided by 2413?
2081
Calculate the remainder when 60651 is divided by 2511.
387
What is the remainder when 358461 is divided by 8524?
453
What is the remainder when 81211 is divided by 3348?
859
What is the remainder when 1280313 is divided by 426663?
324
Calculate the remainder when 10160367 is divided by 1683.
96
What is the remainder when 28110 is divided by 14038?
34
Calculate the remainder when 580292 is divided by 21.
20
Calculate the remainder when 557469 is divided by 21441.
3
What is the remainder when 206302 is divided by 1964?
82
Calculate the remainder when 236041 is divided by 834.
19
What is the remainder when 1880318 is divided by 6598?
6486
What is the remainder when 42453 is divided by 6964?
669
Calculate the remainder when 1802990 is divided by 40064.
110
Calculate the remainder when 28699509 is divided by 35.
34
Calculate the remainder when 315158 is divided by 315147.
11
What is the remainder when 28180149 is divided by 504?
501
What is the remainder when 5695 is divided by 274?
215
Calculate the remainder when 3197634 is divided by 3197624.
10
What is the remainder when 152319 is divided by 347?
333
What is the remainder when 25711988 is divided by 216?
212
Calculate the remainder when 3032574 is divided by 9814.
48
Calculate the remainder when 9307644 is divided by 2375.
19
What is the remainder when 6990129 is divided by 53?
12
What is the remainder when 142059 is divided by 142049?
10
Calculate the remainder when 6032320 is divided by 320.
0
What is the remainder when 88752 is divided by 93?
30
What is the remainder when 316893066 is divided by 3937?
3936
Calculate the remainder when 523319 is divided by 645.
224
What is the remainder when 447026 is divided by 145?
136
What is the remainder when 145793 is divided by 63?
11
What is the remainder when 17178 is divided by 138?
66
What is the remainder when 144847218 is divided by 20?
18
What is the remainder when 101734618 is divided by 560?
538
What is the remainder when 880168 is divided by 2201?
1969
What is the remainder when 3421987 is divided by 238?
23
What is the remainder when 29339680 is divided by 9779893?
1
What is the remainder when 13182969 is divided by 152?
9
Calculate the remainder when 1108711939 is divided by 3395.
3394
What is the remainder when 38335019 is divided by 250?
19
What is the remainder when 26940168 is divided by 49?
17
Calculate the remainder when 15824312 is divided by 5274767.
11
Calculate the remainder when 19162980 is divided by 45.
0
Calculate the remainder when 715601 is divided by 8726.
69
What is the remainder when 1015949 is divided by 61?
55
What is the remainder when 4488050 is divided by 1881?
1865
What is the remainder when 419343 is divided by 13973?
153
What is the remainder when 4379 is divided by 59?
13
What is the remainder when 23017 is divided by 3192?
673
Calculate the remainder when 2330494 is divided by 192.
190
What is the remainder when 818410 is divided by 67?
5
What is the remainder when 83958144 is divided by 39?
36
What is the remainder when 1095710 is divided by 109570?
10
Calculate the remainder when 11921595 is divided by 5960784.
27
What is the remainder when 59083879 is divided by 83?
80
What is the remainder when 2788835 is divided by 126765?
5
What is the remainder when 50303 is divided by 16645?
368
What is the remainder when 5748648 is divided by 6503?
6499
What is the remainder when 9479197 is divided by 460?
437
What is the remainder when 25942805 is divided by 9637?
1
What is the remainder when 8029643 is divided by 1345?
1338
Calculate the remainder when 222071 is divided by 110710.
651
What is the remainder when 45228 is divided by 6433?
197
What is the remainder when 647774 is divided by 3271?
116
Calculate the remainder when 536938 is divided by 1186.
866
What is the remainder when 42967090 is divided by 1759?
1756
Calculate the remainder when 1295634 is divided by 1295624.
10
What is the remainder when 2555744 is divided by 13037?
492
What is the remainder when 337948734 is divided by 3283?
3280
What is the remainder when 942960 is divided by 77?
18
Calculate the remainder when 204093 is divided by 28442.
4999
What is the remainder when 10360625 is divided by 2590151?
21
Calculate the remainder when 191830311 is divided by 2085112.
7
Calculate the remainder when 6695925 is divided by 1322.
1317
What is the remainder when 20712 is divided by 6655?
747
What is the remainder when 23464 is divided by 1601?
1050
Calculate the remainder when 55841400 is divided by 83.
79
What is the remainder when 393689687 is divided by 56?
55
What is the remainder when 28895 is divided by 3578?
271
Calculate the remainder when 114033 is divided by 120.
33
What is the remainder when 91302423 is divided by 1851?
1848
What is the remainder when 141593 is divided by 5227?
464
Calculate the remainder when 1690